{"id":3685,"date":"2021-05-28T10:10:19","date_gmt":"2021-05-28T10:10:19","guid":{"rendered":"https:\/\/www.ferraratua.it\/?post_type=amm-trasparente&#038;p=3685"},"modified":"2022-07-19T10:17:38","modified_gmt":"2022-07-19T10:17:38","slug":"collegio-sindacale-triennio-2021-2023","status":"publish","type":"amm-trasparente","link":"https:\/\/www.ferraratua.it\/OLD\/?amm-trasparente=collegio-sindacale-triennio-2021-2023","title":{"rendered":"Collegio sindacale \u2013 esercizi 2021-2023"},"content":{"rendered":"<p class=\"last-updated\">Ultimo aggiornamento Luglio 19th, 2022 alle ore 10:17 am <\/p>\n<hr class=\"wp-block-separator is-style-wide\" \/>\n\n\n\n<p>Ferrara Tua Srl, in applicazione delle disposizioni vigenti, \u00e8 sottoposta al controllo amministrativo e contabile del collegio sindacale.<\/p>\n\n\n\n<p>Per gli esercizi 2021-2023 il collegio sindacale, nominato dall\u2019Assemblea dei Soci in data 20\/05\/2021, \u00e8 cos\u00ec composto:<\/p>\n\n\n\n<ul class=\"wp-block-list\"><li>Presidente: Carr\u00e0 Riccardo \u2013&nbsp;<a href=\"https:\/\/www.ferraratua.it\/OLD\/wp-content\/uploads\/2021\/05\/FE-TUA-COLLSIND-Carr\u00e0-Riccardo.pdf\">cv<\/a>&nbsp;(pdf);<\/li><li>Sindaco effettivo:  Spaccamonte Alessandro \u2013&nbsp;<a href=\"https:\/\/www.ferraratua.it\/OLD\/wp-content\/uploads\/2021\/05\/FE-TUA-COLLSIND-Alessandro-Spaccamonte.pdf\" target=\"_blank\" rel=\"noreferrer noopener\" aria-label=\"cv (apre in una nuova scheda)\">cv<\/a>&nbsp;(pdf);<\/li><li>Sindaco effettivo:  Mingozzi Milvia \u2013&nbsp;<a href=\"https:\/\/www.ferraratua.it\/OLD\/wp-content\/uploads\/2021\/05\/FE-TUA-COLLSIND-Milvia-Mingozzi.pdf\" target=\"_blank\" rel=\"noreferrer noopener\" aria-label=\"cv (apre in una nuova scheda)\">cv<\/a>&nbsp;(pdf).<\/li><\/ul>\n\n\n\n<p>I compensi e gli altri dati relativi ai membri del collegio possono essere consultati al seguente\u00a0<a href=\"https:\/\/www.ferraratua.it\/OLD\/wp-content\/uploads\/2021\/05\/FE-TUA-COLLSIND-OdV-2021-2023-Agg.-2021.05.28.pdf\" target=\"_blank\" rel=\"noreferrer noopener\" aria-label=\" (apre in una nuova scheda)\">link<\/a>.<\/p>\n\n\n\n<p>Le Relazioni del Collegio Sindacale al Bilancio sono allegate ai bilanci consuntivi dei relativi esercizi, pubblicati nella sezione dedicata del presente sito (<a href=\"https:\/\/www.ferraraTUA.it\/?tipologie=bilancio-preventivo-e-consuntivo\" target=\"_blank\" rel=\"noreferrer noopener\" aria-label=\" (apre in una nuova scheda)\">link<\/a>)<\/p>\n","protected":false},"excerpt":{"rendered":"<p>Ultimo aggiornamento Luglio 19th, 2022 alle ore 10:17 am Ferrara Tua Srl, in applicazione delle disposizioni vigenti, \u00e8 sottoposta al controllo amministrativo e contabile del collegio sindacale. Per gli esercizi 2021-2023 il collegio sindacale, nominato dall\u2019Assemblea dei Soci in data 20\/05\/2021, \u00e8 cos\u00ec composto: Presidente: Carr\u00e0 Riccardo \u2013&nbsp;cv&nbsp;(pdf); Sindaco effettivo: Spaccamonte Alessandro \u2013&nbsp;cv&nbsp;(pdf); Sindaco effettivo: [&hellip;]<\/p>\n","protected":false},"author":10,"menu_order":0,"template":"","tags":[],"tipologie":[],"class_list":["post-3685","amm-trasparente","type-amm-trasparente","status-publish","hentry"],"_links":{"self":[{"href":"https:\/\/www.ferraratua.it\/OLD\/index.php?rest_route=\/wp\/v2\/amm-trasparente\/3685","targetHints":{"allow":["GET"]}}],"collection":[{"href":"https:\/\/www.ferraratua.it\/OLD\/index.php?rest_route=\/wp\/v2\/amm-trasparente"}],"about":[{"href":"https:\/\/www.ferraratua.it\/OLD\/index.php?rest_route=\/wp\/v2\/types\/amm-trasparente"}],"author":[{"embeddable":true,"href":"https:\/\/www.ferraratua.it\/OLD\/index.php?rest_route=\/wp\/v2\/users\/10"}],"version-history":[{"count":10,"href":"https:\/\/www.ferraratua.it\/OLD\/index.php?rest_route=\/wp\/v2\/amm-trasparente\/3685\/revisions"}],"predecessor-version":[{"id":4286,"href":"https:\/\/www.ferraratua.it\/OLD\/index.php?rest_route=\/wp\/v2\/amm-trasparente\/3685\/revisions\/4286"}],"wp:attachment":[{"href":"https:\/\/www.ferraratua.it\/OLD\/index.php?rest_route=%2Fwp%2Fv2%2Fmedia&parent=3685"}],"wp:term":[{"taxonomy":"post_tag","embeddable":true,"href":"https:\/\/www.ferraratua.it\/OLD\/index.php?rest_route=%2Fwp%2Fv2%2Ftags&post=3685"},{"taxonomy":"tipologie","embeddable":true,"href":"https:\/\/www.ferraratua.it\/OLD\/index.php?rest_route=%2Fwp%2Fv2%2Ftipologie&post=3685"}],"curies":[{"name":"wp","href":"https:\/\/api.w.org\/{rel}","templated":true}]}}

<p class="last-updated">Ultimo aggiornamento Luglio 19th, 2022 alle ore 10:17 am </p>
<hr class="wp-block-separator is-style-wide" />



<p>Ferrara Tua Srl, in applicazione delle disposizioni vigenti, è sottoposta al controllo amministrativo e contabile del collegio sindacale.</p>



<p>Per gli esercizi 2021-2023 il collegio sindacale, nominato dall’Assemblea dei Soci in data 20/05/2021, è così composto:</p>



<ul class="wp-block-list"><li>Presidente: Carrà Riccardo –&nbsp;<a href="https://www.ferraratua.it/OLD/wp-content/uploads/2021/05/FE-TUA-COLLSIND-Carrà-Riccardo.pdf">cv</a>&nbsp;(pdf);</li><li>Sindaco effettivo:  Spaccamonte Alessandro –&nbsp;<a href="https://www.ferraratua.it/OLD/wp-content/uploads/2021/05/FE-TUA-COLLSIND-Alessandro-Spaccamonte.pdf" target="_blank" rel="noreferrer noopener" aria-label="cv (apre in una nuova scheda)">cv</a>&nbsp;(pdf);</li><li>Sindaco effettivo:  Mingozzi Milvia –&nbsp;<a href="https://www.ferraratua.it/OLD/wp-content/uploads/2021/05/FE-TUA-COLLSIND-Milvia-Mingozzi.pdf" target="_blank" rel="noreferrer noopener" aria-label="cv (apre in una nuova scheda)">cv</a>&nbsp;(pdf).</li></ul>



<p>I compensi e gli altri dati relativi ai membri del collegio possono essere consultati al seguente <a href="https://www.ferraratua.it/OLD/wp-content/uploads/2021/05/FE-TUA-COLLSIND-OdV-2021-2023-Agg.-2021.05.28.pdf" target="_blank" rel="noreferrer noopener" aria-label=" (apre in una nuova scheda)">link</a>.</p>



<p>Le Relazioni del Collegio Sindacale al Bilancio sono allegate ai bilanci consuntivi dei relativi esercizi, pubblicati nella sezione dedicata del presente sito (<a href="https://www.ferraraTUA.it/?tipologie=bilancio-preventivo-e-consuntivo" target="_blank" rel="noreferrer noopener" aria-label=" (apre in una nuova scheda)">link</a>)</p>

<p>Ultimo aggiornamento Luglio 19th, 2022 alle ore 10:17 am Ferrara Tua Srl, in applicazione delle disposizioni vigenti, è sottoposta al controllo amministrativo e contabile del collegio sindacale. Per gli esercizi 2021-2023 il collegio sindacale, nominato dall’Assemblea dei Soci in data 20/05/2021, è così composto: Presidente: Carrà Riccardo –&nbsp;cv&nbsp;(pdf); Sindaco effettivo: Spaccamonte Alessandro –&nbsp;cv&nbsp;(pdf); Sindaco effettivo: [&hellip;]</p>
